[INFO] fetching crate grinbot_telegram_service 0.1.0-alpha.1...
[INFO] checking grinbot_telegram_service-0.1.0-alpha.1 against master#af3c6e733a40e671550e0f0f5aeecaa13772ba56 for pr-74989
[INFO] extracting crate grinbot_telegram_service 0.1.0-alpha.1 into /workspace/builds/worker-1/source
[INFO] validating manifest of crates.io crate grinbot_telegram_service 0.1.0-alpha.1 on toolchain af3c6e733a40e671550e0f0f5aeecaa13772ba56
[INFO] running `Command { std: "/workspace/cargo-home/bin/cargo" "+af3c6e733a40e671550e0f0f5aeecaa13772ba56" "read-manifest" "--manifest-path" "Cargo.toml", kill_on_drop: false }`
[INFO] started tweaking crates.io crate grinbot_telegram_service 0.1.0-alpha.1
[INFO] finished tweaking crates.io crate grinbot_telegram_service 0.1.0-alpha.1
[INFO] tweaked toml for crates.io crate grinbot_telegram_service 0.1.0-alpha.1 written to /workspace/builds/worker-1/source/Cargo.toml
[INFO] running `Command { std: "/workspace/cargo-home/bin/cargo" "+af3c6e733a40e671550e0f0f5aeecaa13772ba56" "generate-lockfile" "--manifest-path" "Cargo.toml" "-Zno-index-update", kill_on_drop: false }`
[INFO] running `Command { std: "/workspace/cargo-home/bin/cargo" "+af3c6e733a40e671550e0f0f5aeecaa13772ba56" "fetch" "--locked" "--manifest-path" "Cargo.toml", kill_on_drop: false }`
[INFO] [stderr]     Blocking waiting for file lock on package cache
[INFO] running `Command { std: "docker" "create" "-v" "/var/lib/crater-agent-workspace/builds/worker-1/target:/opt/rustwide/target:rw,Z" "-v" "/var/lib/crater-agent-workspace/builds/worker-1/source:/opt/rustwide/workdir:ro,Z" "-v" "/var/lib/crater-agent-workspace/cargo-home:/opt/rustwide/cargo-home:ro,Z" "-v" "/var/lib/crater-agent-workspace/rustup-home:/opt/rustwide/rustup-home:ro,Z" "-e" "SOURCE_DIR=/opt/rustwide/workdir" "-e" "CARGO_TARGET_DIR=/opt/rustwide/target" "-e" "CARGO_HOME=/opt/rustwide/cargo-home" "-e" "RUSTUP_HOME=/opt/rustwide/rustup-home" "-w" "/opt/rustwide/workdir" "-m" "1610612736" "--user" "0:0" "--network" "none" "rustops/crates-build-env@sha256:d92eaeed33fa75130ca1ee6c8a01d1ffb62bac859dfdfb3450e3e5d1c0146529" "/opt/rustwide/cargo-home/bin/cargo" "+af3c6e733a40e671550e0f0f5aeecaa13772ba56" "metadata" "--no-deps" "--format-version=1", kill_on_drop: false }`
[INFO] [stdout] 7aa0c0c0bb27b68008f1d7321ed3955bd4fde4532f776727478cadcfec50feb5
[INFO] [stderr] WARNING: Your kernel does not support swap limit capabilities or the cgroup is not mounted. Memory limited without swap.
[INFO] running `Command { std: "docker" "start" "-a" "7aa0c0c0bb27b68008f1d7321ed3955bd4fde4532f776727478cadcfec50feb5", kill_on_drop: false }`
[INFO] running `Command { std: "docker" "inspect" "7aa0c0c0bb27b68008f1d7321ed3955bd4fde4532f776727478cadcfec50feb5", kill_on_drop: false }`
[INFO] running `Command { std: "docker" "rm" "-f" "7aa0c0c0bb27b68008f1d7321ed3955bd4fde4532f776727478cadcfec50feb5", kill_on_drop: false }`
[INFO] [stdout] 7aa0c0c0bb27b68008f1d7321ed3955bd4fde4532f776727478cadcfec50feb5
[INFO] running `Command { std: "docker" "create" "-v" "/var/lib/crater-agent-workspace/builds/worker-1/target:/opt/rustwide/target:rw,Z" "-v" "/var/lib/crater-agent-workspace/builds/worker-1/source:/opt/rustwide/workdir:ro,Z" "-v" "/var/lib/crater-agent-workspace/cargo-home:/opt/rustwide/cargo-home:ro,Z" "-v" "/var/lib/crater-agent-workspace/rustup-home:/opt/rustwide/rustup-home:ro,Z" "-e" "SOURCE_DIR=/opt/rustwide/workdir" "-e" "CARGO_TARGET_DIR=/opt/rustwide/target" "-e" "CARGO_INCREMENTAL=0" "-e" "RUST_BACKTRACE=full" "-e" "RUSTFLAGS=--cap-lints=forbid" "-e" "CARGO_HOME=/opt/rustwide/cargo-home" "-e" "RUSTUP_HOME=/opt/rustwide/rustup-home" "-w" "/opt/rustwide/workdir" "-m" "1610612736" "--user" "0:0" "--network" "none" "rustops/crates-build-env@sha256:d92eaeed33fa75130ca1ee6c8a01d1ffb62bac859dfdfb3450e3e5d1c0146529" "/opt/rustwide/cargo-home/bin/cargo" "+af3c6e733a40e671550e0f0f5aeecaa13772ba56" "check" "--frozen" "--all" "--all-targets" "--message-format=json", kill_on_drop: false }`
[INFO] [stdout] 1572bde226cece3025e58595aca30c17930d44fccdd10432a246db84f3507dcb
[INFO] [stderr] WARNING: Your kernel does not support swap limit capabilities or the cgroup is not mounted. Memory limited without swap.
[INFO] running `Command { std: "docker" "start" "-a" "1572bde226cece3025e58595aca30c17930d44fccdd10432a246db84f3507dcb", kill_on_drop: false }`
[INFO] [stderr]    Compiling libc v0.2.77
[INFO] [stderr]    Compiling proc-macro2 v1.0.21
[INFO] [stderr]    Compiling unicode-xid v0.2.1
[INFO] [stderr]    Compiling autocfg v1.0.1
[INFO] [stderr]    Compiling serde_derive v1.0.116
[INFO] [stderr]    Compiling serde v1.0.116
[INFO] [stderr]    Compiling log v0.4.11
[INFO] [stderr]    Compiling byteorder v1.3.4
[INFO] [stderr]    Compiling cc v1.0.59
[INFO] [stderr]    Compiling typenum v1.12.0
[INFO] [stderr]    Compiling proc-macro2 v0.4.30
[INFO] [stderr]     Checking either v1.6.0
[INFO] [stderr]    Compiling unicode-xid v0.1.0
[INFO] [stderr]    Compiling serde_json v1.0.57
[INFO] [stderr]     Checking adler v0.2.3
[INFO] [stderr]     Checking gimli v0.22.0
[INFO] [stderr]    Compiling glob v0.3.0
[INFO] [stderr]    Compiling cfg-if v0.1.10
[INFO] [stderr]     Checking rustc-serialize v0.3.24
[INFO] [stderr]    Compiling bindgen v0.52.0
[INFO] [stderr]     Checking nodrop v0.1.14
[INFO] [stderr]     Checking hashbrown v0.9.0
[INFO] [stderr]     Checking constant_time_eq v0.1.5
[INFO] [stderr]     Checking traitobject v0.1.0
[INFO] [stderr]    Compiling shlex v0.1.1
[INFO] [stderr]    Compiling rustc-hash v1.1.0
[INFO] [stderr]     Checking arrayref v0.3.6
[INFO] [stderr]     Checking byte-tools v0.2.0
[INFO] [stderr]     Checking tinyvec v0.3.4
[INFO] [stderr]    Compiling lazycell v1.3.0
[INFO] [stderr]     Checking safemem v0.3.3
[INFO] [stderr]     Checking odds v0.2.26
[INFO] [stderr]     Checking try-lock v0.2.3
[INFO] [stderr]     Checking spin v0.5.2
[INFO] [stderr]     Checking same-file v1.0.6
[INFO] [stderr]     Checking fake-simd v0.1.2
[INFO] [stderr]     Checking arc-swap v0.3.11
[INFO] [stderr]     Checking untrusted v0.7.1
[INFO] [stderr]    Compiling pkg-config v0.3.18
[INFO] [stderr]     Checking supercow v0.1.0
[INFO] [stderr]    Compiling unicode-segmentation v1.6.0
[INFO] [stderr]     Checking bitflags v0.9.1
[INFO] [stderr]     Checking tower-service v0.3.0
[INFO] [stderr]     Checking byte-tools v0.3.1
[INFO] [stderr]    Compiling openssl v0.10.30
[INFO] [stderr]     Checking cpuid-bool v0.1.2
[INFO] [stderr]     Checking signature v1.2.2
[INFO] [stderr]     Checking opaque-debug v0.3.0
[INFO] [stderr]     Checking keccak v0.1.0
[INFO] [stderr]     Checking opaque-debug v0.2.3
[INFO] [stderr]    Compiling askama_escape v0.2.0
[INFO] [stderr]    Compiling encoding_rs v0.8.24
[INFO] [stderr]    Compiling humansize v1.1.0
[INFO] [stderr]     Checking strum v0.15.0
[INFO] [stderr]     Checking scoped-tls v0.1.2
[INFO] [stderr]     Checking redux-rs v0.1.0
[INFO] [stderr]     Checking tracing-core v0.1.16
[INFO] [stderr]     Checking rand_core v0.3.1
[INFO] [stderr]    Compiling generic-array v0.14.4
[INFO] [stderr]    Compiling error-chain v0.12.4
[INFO] [stderr]    Compiling nom v4.2.3
[INFO] [stderr]     Checking miniz_oxide v0.4.1
[INFO] [stderr]     Checking http v0.2.1
[INFO] [stderr]     Checking unsafe-any v0.4.2
[INFO] [stderr]     Checking block-buffer v0.3.3
[INFO] [stderr]    Compiling num-traits v0.2.12
[INFO] [stderr]    Compiling num-integer v0.1.43
[INFO] [stderr]    Compiling crossbeam-utils v0.7.2
[INFO] [stderr]    Compiling indexmap v1.6.0
[INFO] [stderr]    Compiling num-iter v0.1.41
[INFO] [stderr]    Compiling num-bigint v0.2.6
[INFO] [stderr]    Compiling num-rational v0.2.4
[INFO] [stderr]    Compiling num-complex v0.2.4
[INFO] [stderr]    Compiling memoffset v0.5.5
[INFO] [stderr]    Compiling crossbeam-epoch v0.8.2
[INFO] [stderr]     Checking futures-channel v0.3.5
[INFO] [stderr]     Checking walkdir v2.3.1
[INFO] [stderr]    Compiling liblmdb-sys v0.2.2
[INFO] [stderr]     Checking unicode-normalization v0.1.13
[INFO] [stderr]     Checking block-padding v0.1.5
[INFO] [stderr]     Checking arrayvec v0.3.25
[INFO] [stderr]     Checking ed25519 v1.0.2
[INFO] [stderr]    Compiling memchr v2.3.3
[INFO] [stderr]    Compiling bitflags v1.2.1
[INFO] [stderr]     Checking rand_isaac v0.1.1
[INFO] [stderr]     Checking rand_xorshift v0.1.1
[INFO] [stderr]     Checking rand_hc v0.1.0
[INFO] [stderr]    Compiling heck v0.3.1
[INFO] [stderr]     Checking typemap v0.3.3
[INFO] [stderr]     Checking arrayvec v0.4.12
[INFO] [stderr]    Compiling clang-sys v0.28.1
[INFO] [stderr]    Compiling parking_lot_core v0.3.1
[INFO] [stderr]     Checking rand_chacha v0.1.1
[INFO] [stderr]    Compiling aho-corasick v0.7.13
[INFO] [stderr]    Compiling libloading v0.5.2
[INFO] [stderr]    Compiling grin_secp256k1zkp v0.7.9
[INFO] [stderr]    Compiling ring v0.16.15
[INFO] [stderr]    Compiling openssl-sys v0.9.58
[INFO] [stderr]     Checking blake2-rfc v0.2.18
[INFO] [stderr]     Checking base64 v0.9.3
[INFO] [stderr]     Checking base64 v0.10.1
[INFO] [stderr]    Compiling quote v1.0.7
[INFO] [stderr]    Compiling quote v0.6.13
[INFO] [stderr]    Compiling atty v0.2.14
[INFO] [stderr]    Compiling which v3.1.1
[INFO] [stderr]     Checking iovec v0.1.4
[INFO] [stderr]     Checking num_cpus v1.13.0
[INFO] [stderr]     Checking net2 v0.2.35
[INFO] [stderr]     Checking time v0.1.44
[INFO] [stderr]     Checking rand v0.5.6
[INFO] [stderr]     Checking rand_os v0.1.3
[INFO] [stderr]     Checking flate2 v1.0.17
[INFO] [stderr]     Checking getrandom v0.1.15
[INFO] [stderr]     Checking signal-hook-registry v1.2.1
[INFO] [stderr]     Checking thread-id v3.3.0
[INFO] [stderr]     Checking rand v0.4.6
[INFO] [stderr]     Checking socket2 v0.3.15
[INFO] [stderr]     Checking memmap v0.7.0
[INFO] [stderr]     Checking dirs v1.0.5
[INFO] [stderr]     Checking idna v0.1.5
[INFO] [stderr]     Checking idna v0.2.0
[INFO] [stderr]     Checking addr2line v0.13.0
[INFO] [stderr]     Checking parking_lot_core v0.6.2
[INFO] [stderr]     Checking http-body v0.3.1
[INFO] [stderr]    Compiling syn v0.15.44
[INFO] [stderr]    Compiling clap v2.33.3
[INFO] [stderr]    Compiling syn v1.0.40
[INFO] [stderr]     Checking generic-array v0.9.0
[INFO] [stderr]     Checking generic-array v0.12.3
[INFO] [stderr]     Checking tokio-executor v0.1.10
[INFO] [stderr]     Checking crossbeam-queue v0.2.3
[INFO] [stderr]     Checking bytes v0.4.12
[INFO] [stderr]    Compiling regex v1.3.9
[INFO] [stderr]    Compiling cexpr v0.3.6
[INFO] [stderr]     Checking futures-cpupool v0.1.8
[INFO] [stderr]     Checking rand v0.6.5
[INFO] [stderr]     Checking rand_core v0.5.1
[INFO] [stderr]     Checking ordered-float v1.1.0
[INFO] [stderr]     Checking num-traits v0.1.43
[INFO] [stderr]     Checking num-complex v0.1.43
[INFO] [stderr]     Checking backtrace v0.3.50
[INFO] [stderr]     Checking parking_lot v0.9.0
[INFO] [stderr]     Checking digest v0.7.6
[INFO] [stderr]     Checking crypto-mac v0.6.2
[INFO] [stderr]     Checking url v1.7.2
[INFO] [stderr]     Checking url v2.1.1
[INFO] [stderr]     Checking tokio-current-thread v0.1.7
[INFO] [stderr]     Checking tokio-timer v0.2.13
[INFO] [stderr]    Compiling native-tls v0.2.4
[INFO] [stderr]     Checking digest v0.8.1
[INFO] [stderr]     Checking block-buffer v0.7.3
[INFO] [stderr]     Checking digest v0.9.0
[INFO] [stderr]     Checking block-buffer v0.9.0
[INFO] [stderr]     Checking crossbeam-deque v0.7.3
[INFO] [stderr]     Checking enum_primitive v0.1.1
[INFO] [stderr]     Checking rand_chacha v0.2.2
[INFO] [stderr]     Checking http v0.1.21
[INFO] [stderr]     Checking string v0.2.1
[INFO] [stderr]     Checking tokio-buf v0.1.1
[INFO] [stderr]     Checking num-bigint v0.1.44
[INFO] [stderr]     Checking sha2 v0.7.1
[INFO] [stderr]     Checking ripemd160 v0.7.0
[INFO] [stderr]     Checking hmac v0.6.3
[INFO] [stderr]     Checking error-chain v0.11.0
[INFO] [stderr]     Checking sha3 v0.8.2
[INFO] [stderr]     Checking sha2 v0.9.1
[INFO] [stderr]     Checking lmdb-zero v0.4.4
[INFO] [stderr]     Checking publicsuffix v1.5.4
[INFO] [stderr]     Checking cookie v0.12.0
[INFO] [stderr]     Checking parking_lot v0.6.4
[INFO] [stderr]     Checking rand v0.7.3
[INFO] [stderr]     Checking pbkdf2 v0.2.3
[INFO] [stderr]     Checking sct v0.6.0
[INFO] [stderr]     Checking webpki v0.21.3
[INFO] [stderr]     Checking num-rational v0.1.42
[INFO] [stderr]     Checking ct-logs v0.6.0
[INFO] [stderr]     Checking num v0.1.42
[INFO] [stderr]     Checking num v0.2.1
[INFO] [stderr]     Checking tempfile v3.1.0
[INFO] [stderr]     Checking http-body v0.1.0
[INFO] [stderr]    Compiling synstructure v0.12.4
[INFO] [stderr]    Compiling synstructure v0.10.2
[INFO] [stderr]    Compiling thiserror-impl v1.0.20
[INFO] [stderr]    Compiling pin-project-internal v0.4.23
[INFO] [stderr]    Compiling failure_derive v0.1.8
[INFO] [stderr]    Compiling tokio-macros v0.2.5
[INFO] [stderr]    Compiling futures-macro v0.3.5
[INFO] [stderr]    Compiling zeroize_derive v1.0.0
[INFO] [stderr]    Compiling zeroize_derive v0.9.3
[INFO] [stderr]    Compiling easy-jsonrpc-proc-macro-mw v0.5.1
[INFO] [stderr]    Compiling strum_macros v0.15.0
[INFO] [stderr]     Checking zeroize v0.9.3
[INFO] [stderr]     Checking zeroize v1.1.0
[INFO] [stderr]     Checking curve25519-dalek v3.0.0
[INFO] [stderr]     Checking failure v0.1.8
[INFO] [stderr]     Checking thiserror v1.0.20
[INFO] [stderr]     Checking zip v0.5.8
[INFO] [stderr]     Checking pin-project v0.4.23
[INFO] [stderr]     Checking futures-util v0.3.5
[INFO] [stderr]     Checking futures-executor v0.3.5
[INFO] [stderr]     Checking futures v0.3.5
[INFO] [stderr]     Checking serde-value v0.5.3
[INFO] [stderr]     Checking chrono v0.4.15
[INFO] [stderr]     Checking serde_yaml v0.8.13
[INFO] [stderr]     Checking toml v0.4.10
[INFO] [stderr]     Checking ed25519-dalek v1.0.0
[INFO] [stderr]     Checking uuid v0.7.4
[INFO] [stderr]     Checking serde_urlencoded v0.5.5
[INFO] [stderr]     Checking mio v0.6.22
[INFO] [stderr]     Checking tokio-io v0.1.13
[INFO] [stderr]     Checking tracing v0.1.19
[INFO] [stderr]     Checking want v0.3.0
[INFO] [stderr]     Checking tokio-threadpool v0.1.18
[INFO] [stderr]     Checking rustls v0.16.0
[INFO] [stderr]     Checking want v0.2.0
[INFO] [stderr]     Checking tokio-codec v0.1.2
[INFO] [stderr]     Checking h2 v0.1.26
[INFO] [stderr]     Checking tokio-fs v0.1.7
[INFO] [stderr]     Checking mio-uds v0.6.8
[INFO] [stderr]     Checking tokio-reactor v0.1.12
[INFO] [stderr]     Checking askama_shared v0.8.0
[INFO] [stderr]     Checking log4rs v0.8.3
[INFO] [stderr]     Checking jsonrpc-core v10.1.0
[INFO] [stderr]     Checking cookie_store v0.7.0
[INFO] [stderr]     Checking telegram-bot-raw v0.6.3
[INFO] [stderr]     Checking tokio v0.2.22
[INFO] [stderr]    Compiling env_logger v0.7.1
[INFO] [stderr]     Checking tokio-uds v0.2.7
[INFO] [stderr]     Checking tokio-tcp v0.1.4
[INFO] [stderr]     Checking tokio-udp v0.1.6
[INFO] [stderr]     Checking tokio v0.1.22
[INFO] [stderr]     Checking easy-jsonrpc-mw v0.5.4
[INFO] [stderr]     Checking tokio-core v0.1.17
[INFO] [stderr]     Checking grin_util v3.1.1
[INFO] [stderr]     Checking rustls-native-certs v0.1.0
[INFO] [stderr]     Checking grin_keychain v3.1.1
[INFO] [stderr]     Checking hyper v0.12.35
[INFO] [stderr]    Compiling askama_derive v0.8.0
[INFO] [stderr]     Checking hyper-tls v0.3.2
[INFO] [stderr]     Checking reqwest v0.9.24
[INFO] [stderr]     Checking tokio-util v0.3.1
[INFO] [stderr]     Checking tokio-rustls v0.12.3
[INFO] [stderr]     Checking tokio-io-timeout v0.4.0
[INFO] [stderr]     Checking telegram-bot v0.6.3
[INFO] [stderr]     Checking h2 v0.2.6
[INFO] [stderr]     Checking askama v0.8.0
[INFO] [stderr]    Compiling croaring-sys-mw v0.4.5
[INFO] [stderr]     Checking hyper v0.13.7
[INFO] [stderr]     Checking hyper-timeout v0.3.1
[INFO] [stderr]     Checking hyper-rustls v0.19.1
[INFO] [stderr]     Checking croaring-mw v0.4.5
[INFO] [stderr]     Checking grin_core v3.1.1
[INFO] [stderr]     Checking grin_store v3.1.1
[INFO] [stderr]     Checking grin_pool v3.1.1
[INFO] [stderr]     Checking grin_chain v3.1.1
[INFO] [stderr]     Checking grin_p2p v3.1.1
[INFO] [stderr]     Checking grin_api v3.1.1
[INFO] [stderr]     Checking grin_wallet_util v3.1.2
[INFO] [stderr]     Checking grin_wallet_config v3.1.2
[INFO] [stderr]     Checking grin_wallet_libwallet v3.1.2
[INFO] [stdout] error[E0599]: no method named `verify` found for struct `ed25519_dalek::PublicKey` in the current scope
[INFO] [stdout]    --> /opt/rustwide/cargo-home/registry/src/github.com-1ecc6299db9ec823/grin_wallet_libwallet-3.1.2/src/api_impl/owner.rs:929:22
[INFO] [stdout]     |
[INFO] [stdout] 929 |     if recipient_pubkey.verify(&msg, &proof.recipient_sig).is_err() {
[INFO] [stdout]     |                         ^^^^^^ method not found in `ed25519_dalek::PublicKey`
[INFO] [stdout]     |
[INFO] [stdout]     = help: items from traits can only be used if the trait is in scope
[INFO] [stdout]     = note: the following trait is implemented but not in scope; perhaps add a `use` for it:
[INFO] [stdout]             `use ed25519_dalek::Verifier;`
[INFO] [stdout] 
[INFO] [stdout] 
[INFO] [stdout] error[E0599]: no method named `verify` found for struct `ed25519_dalek::PublicKey` in the current scope
[INFO] [stdout]    --> /opt/rustwide/cargo-home/registry/src/github.com-1ecc6299db9ec823/grin_wallet_libwallet-3.1.2/src/api_impl/owner.rs:934:19
[INFO] [stdout]     |
[INFO] [stdout] 934 |     if sender_pubkey.verify(&msg, &proof.sender_sig).is_err() {
[INFO] [stdout]     |                      ^^^^^^ method not found in `ed25519_dalek::PublicKey`
[INFO] [stdout]     |
[INFO] [stdout]     = help: items from traits can only be used if the trait is in scope
[INFO] [stdout]     = note: the following trait is implemented but not in scope; perhaps add a `use` for it:
[INFO] [stdout]             `use ed25519_dalek::Verifier;`
[INFO] [stdout] 
[INFO] [stdout] 
[INFO] [stdout] error[E0599]: no method named `sign` found for struct `Keypair` in the current scope
[INFO] [stdout]    --> /opt/rustwide/cargo-home/registry/src/github.com-1ecc6299db9ec823/grin_wallet_libwallet-3.1.2/src/internal/tx.rs:462:13
[INFO] [stdout]     |
[INFO] [stdout] 462 |     Ok(keypair.sign(&msg))
[INFO] [stdout]     |                ^^^^ method not found in `Keypair`
[INFO] [stdout]     |
[INFO] [stdout]     = help: items from traits can only be used if the trait is in scope
[INFO] [stdout]     = note: the following trait is implemented but not in scope; perhaps add a `use` for it:
[INFO] [stdout]             `use ed25519_dalek::Signer;`
[INFO] [stdout] 
[INFO] [stdout] 
[INFO] [stdout] error[E0599]: no method named `verify` found for struct `ed25519_dalek::PublicKey` in the current scope
[INFO] [stdout]    --> /opt/rustwide/cargo-home/registry/src/github.com-1ecc6299db9ec823/grin_wallet_libwallet-3.1.2/src/internal/tx.rs:546:25
[INFO] [stdout]     |
[INFO] [stdout] 546 |         if p.receiver_address.verify(&msg, &sig).is_err() {
[INFO] [stdout]     |                               ^^^^^^ method not found in `ed25519_dalek::PublicKey`
[INFO] [stdout]     |
[INFO] [stdout]     = help: items from traits can only be used if the trait is in scope
[INFO] [stdout]     = note: the following trait is implemented but not in scope; perhaps add a `use` for it:
[INFO] [stdout]             `use ed25519_dalek::Verifier;`
[INFO] [stdout] 
[INFO] [stdout] 
[INFO] [stdout] error[E0599]: no function or associated item named `from_bytes` found for struct `ed25519_dalek::Signature` in the current scope
[INFO] [stdout]    --> /opt/rustwide/cargo-home/registry/src/github.com-1ecc6299db9ec823/grin_wallet_libwallet-3.1.2/src/slate_versions/ser.rs:171:21
[INFO] [stdout]     |
[INFO] [stdout] 171 |                 DalekSignature::from_bytes(&b).map_err(|err| Error::custom(err.to_string()))
[INFO] [stdout]     |                                 ^^^^^^^^^^
[INFO] [stdout]     |                                 |
[INFO] [stdout]     |                                 function or associated item not found in `ed25519_dalek::Signature`
[INFO] [stdout]     |                                 help: there is an associated function with a similar name: `to_bytes`
[INFO] [stdout]     |
[INFO] [stdout]     = help: items from traits can only be used if the trait is in scope
[INFO] [stdout]     = note: the following trait is implemented but not in scope; perhaps add a `use` for it:
[INFO] [stdout]             `use ed25519_dalek::ed25519::signature::Signature;`
[INFO] [stdout] 
[INFO] [stdout] 
[INFO] [stdout] error[E0599]: no function or associated item named `from_bytes` found for struct `ed25519_dalek::Signature` in the current scope
[INFO] [stdout]    --> /opt/rustwide/cargo-home/registry/src/github.com-1ecc6299db9ec823/grin_wallet_libwallet-3.1.2/src/slate_versions/ser.rs:206:22
[INFO] [stdout]     |
[INFO] [stdout] 206 |                     DalekSignature::from_bytes(&b)
[INFO] [stdout]     |                                     ^^^^^^^^^^
[INFO] [stdout]     |                                     |
[INFO] [stdout]     |                                     function or associated item not found in `ed25519_dalek::Signature`
[INFO] [stdout]     |                                     help: there is an associated function with a similar name: `to_bytes`
[INFO] [stdout]     |
[INFO] [stdout]     = help: items from traits can only be used if the trait is in scope
[INFO] [stdout]     = note: the following trait is implemented but not in scope; perhaps add a `use` for it:
[INFO] [stdout]             `use ed25519_dalek::ed25519::signature::Signature;`
[INFO] [stdout] 
[INFO] [stdout] 
[INFO] [stdout] error: aborting due to 6 previous errors
[INFO] [stdout] 
[INFO] [stdout] 
[INFO] [stdout] For more information about this error, try `rustc --explain E0599`.
[INFO] [stdout] 
[INFO] [stderr] error: could not compile `grin_wallet_libwallet`.
[INFO] [stderr] 
[INFO] [stderr] To learn more, run the command again with --verbose.
[INFO] running `Command { std: "docker" "inspect" "1572bde226cece3025e58595aca30c17930d44fccdd10432a246db84f3507dcb", kill_on_drop: false }`
[INFO] running `Command { std: "docker" "rm" "-f" "1572bde226cece3025e58595aca30c17930d44fccdd10432a246db84f3507dcb", kill_on_drop: false }`
[INFO] [stdout] 1572bde226cece3025e58595aca30c17930d44fccdd10432a246db84f3507dcb
